
80
Let l = -128 + 133. Suppose 2*g + l*r = 27, -86 = -4*g - 5*r - 27. Calculate the greatest common factor of g and 464.
16
Let c(u) = -u**2 + 78*u - 1061. Let y be c(49). Calculate the highest common divisor of y and 120.
120
Suppose 6*a - 2*a = f + 155, a - 50 = 4*f. Suppose s + a - 142 = 0. Calculate the greatest common factor of 56 and s.
8
Suppose -134*g + 537673 = 23113. What is the highest common factor of g and 576?
192
Let u be (0 - 4 - -2) + (-1734)/(-6). Let o = 317 - u. What is the greatest common factor of o and 15?
15
Suppose h + 2*f - 7*f = 93, -2*h - 5*f = -231. Let p = 60 - 81. Let w = 93 + p. Calculate the highest common divisor of h and w.
36
Let n(r) = 16*r**2 + 11*r. Let v be n(-2). Suppose -2*l + 6*l - 107 = -3*p, p - v = 5*l. Let b = 47 + -10. Calculate the highest common factor of b and p.
37
Suppose 0 = 5*l - 25. Let x be (-94924)/152 - 1/2. Let n = x + 627. Calculate the highest common factor of l and n.
1
Let q = -25 + 51. Let j(l) = -l**3 + 5*l**2 - 7*l + 16. Suppose 5*w - 58 = -43. Let g be j(w). Calculate the greatest common divisor of q and g.
13
Suppose -51*z + 3550 = -1537 + 650. Suppose 3*i = 5*c - 1311, 3*c + 70 - 843 = -5*i. What is the highest common factor of c and z?
87
Suppose -2 = -2*s - 6. Let j be ((-1)/s)/((-2)/(-88)). Suppose 30*u = 27*u - 2*v + 476, 2*v + 602 = 4*u. What is the greatest common factor of j and u?
22
Suppose -13*t = 5*o - 18*t - 28665, -3*t - 9 = 0. Calculate the highest common factor of o and 90.
30
Let g(m) = m**3 + 35*m**2 - 200*m + 12. Let s be g(5). What is the greatest common factor of 256 and s?
4
Let b(f) = -26*f + 3. Let g be b(-3). Let d = -359761 - -360058. Calculate the greatest common factor of g and d.
27
Let l(p) = 4 + 11 - 3 + 10*p + 17. Let u be l(7). Let j be (-4)/(0 - 4)*(2 + 9). What is the highest common divisor of u and j?
11
Let p be (-12)/(-96) + 311/8. Suppose -p - 36 = -5*y. What is the greatest common factor of y and 25?
5
Suppose -5*f + 401 = f + 113. Calculate the highest common divisor of 1374 and f.
6
Let x = -9766 + 19214. What is the greatest common factor of 8 and x?
8
Let k be (-4 + ((-69)/(-9) - 4))*-3. Let s be 11/2 - ((-2)/4 - k). Calculate the highest common factor of s and 1.
1
Let k(t) = -8*t - 139. Let o be k(-18). Let y be -4 + 255/o - (0 - -2). What is the highest common factor of y and 15?
15
Suppose 4*t = -i + 127, -2*t + 2*i + 144 = 98. What is the greatest common divisor of 4482 and t?
6
Suppose -108*w + 15054 = -37866. Let m = 14 - -21. Calculate the highest common divisor of w and m.
35
Let d(p) = -1 - 6*p**2 + p**2 - 3*p**2 + 12*p**3 - 4*p - 11*p**3. Let i be d(9). Suppose i + 76 = 5*s. Calculate the greatest common divisor of 8 and s.
8
Suppose -5*c - 88 = -7*c + 2*i, 3*c + 5*i - 116 = 0. Suppose b + c = 7*b. What is the highest common factor of 14 and b?
7
Suppose -5*g + 552 = 2*y, -19*y = -17*y - g - 552. What is the highest common divisor of y and 324?
12
Suppose 4*b = i - 37, 0*b = -5*i - 2*b + 163. Let k(q) = -36*q + 227. Let v be k(6). What is the highest common divisor of i and v?
11
Let l(v) = 18*v**3 - 32*v**2 + 103*v + 2. Let q be l(4). What is the greatest common factor of q and 62?
62
Let v be (340/15)/(32/1200). Calculate the greatest common factor of 20 and v.
10
Suppose 3*m = 5*u - 1208, -2*m = -5*m + 12. What is the highest common factor of 488 and u?
244
Let j(h) = 268*h**2 + 106*h - 108. Let o be j(1). Calculate the highest common factor of 494 and o.
38
Let d(k) = 527*k**2 - 101*k - 479. Let r be d(-5). What is the highest common divisor of r and 43?
43
Let y = 806 - 798. Let l be (8/6)/(y/6)*21. Calculate the greatest common factor of l and 7.
7
Let d(v) = 12 + 3*v**2 - 3*v**2 + 9*v - 4 - v**2. Let y be d(6). Let p be (-126)/15*390/(-18). What is the greatest common divisor of p and y?
26
Let y be ((104/(-6))/4)/(382/(-6876)). Calculate the highest common divisor of y and 27.
3
Let x(n) = -n**3 - 49*n**2 + 50*n + 3. Let j be x(-50). What is the highest common factor of j and 627?
3
Let j(q) = -2*q**3 - 181*q**2 - 93*q - 191. Let b be j(-90). Calculate the greatest common factor of 1501 and b.
79
Suppose -8*j = -10*j + 44. Let l(r) = 1 + 4 - 3 + 18*r. Let u be l(0). What is the greatest common factor of j and u?
2
Let v(r) = -190*r + 399. Let c be v(-6). Calculate the greatest common factor of 162 and c.
81
Let v be (-2)/((-2)/(-1))*41. Let p = v + 140. Suppose -n - 2 + 83 = -h, 0 = n + 5*h - p. Calculate the highest common divisor of 12 and n.
12
Let h(k) = 4*k**2 + 36*k + 448. Let a be h(-9). Calculate the highest common divisor of 308 and a.
28
Let g(k) = 2*k**2 + 31*k - 8. Let j(l) = -l**2 + 12*l - 51. Let t be j(7). Let z be g(t). What is the highest common divisor of 712 and z?
8
Let y be (-11)/3 + 18/27 - -3. Let r be 5/15*(0 + y). Suppose r = -3*v - s + 493, -v - 497 = -4*v + s. What is the greatest common divisor of 15 and v?
15
Suppose -3*c = 3*w - 3318, -4*c + 3*w + 2797 = -1662. Calculate the highest common divisor of 808 and c.
101
Let x(h) = 4*h**2 - 35*h - 5. Let i be x(9). Suppose 6*w = i*w + 40. Let b = w - -50. Calculate the greatest common divisor of 35 and b.
35
Let i(z) = 205 + 18*z - 4*z - 224 + 6*z**2. Let x be i(9). Suppose x = 10*k + 193. What is the greatest common factor of k and 15?
5
Let j(m) = 5*m**3 - 26*m**2 - 14*m + 48. Let l be j(6). Calculate the greatest common factor of 1416 and l.
12
Let g be 22 + -1 + (-14)/(-21)*3. Suppose 3*w - 779 = -4*a, 0 = 5*w + a + 328 - 1598. Calculate the greatest common factor of g and w.
23
Suppose 114*x + h + 230 = 115*x, 878 = 4*x + 3*h. Suppose 4*j = 39 - 11. Calculate the highest common factor of j and x.
7
Suppose 0 = 170*a - 204*a + 136. Suppose 5 + 0 = q. Suppose -3*m + a*c + 564 + 306 = 0, -m + 271 = q*c. What is the highest common divisor of 26 and m?
26
Let x = -289 + 82. Let f = -186 - x. Calculate the greatest common divisor of 168 and f.
21
Let r = -31100 - -13020. Let k be (1 + 2/4)*r/(-339). Calculate the greatest common divisor of 100 and k.
20
Let l be (-70)/(-5) + (-2 - -6). Let t = -11 + l. Suppose -4*h - h + 50 = 3*d, 4*h = -4*d + 48. What is the highest common factor of t and h?
7
Let b = -3478 + 3501. What is the highest common factor of b and 30?
1
Let y = -132 + 134. Suppose -5*t - y*r - 114 = 0, -3*t + 3*r = 2*r + 75. Let i be (t/30)/(2/(-15)). Calculate the greatest common divisor of i and 2.
2
Suppose -4 = -g, 5*z - 3 = 4*g - 9. Let r be 3/(-2)*56/(-12)*-1. Let p be 10 - (-2)/r*14. Calculate the greatest common divisor of p and z.
2
Suppose 0 = 2*n + n + 3*k - 585, -583 = -3*n - k. Let z = 543 + n. Calculate the greatest common divisor of z and 11.
11
Let r(f) = -141*f + 1731. Let a be r(11). What is the greatest common divisor of a and 7140?
60
Let u(v) = v**2 - 10*v - 5. Let s(m) = -42 - 9*m + 19 + 19. Let o(h) = -3*s(h) + 2*u(h). Let f be o(2). Calculate the greatest common factor of 216 and f.
24
Let x = 20390 + -18908. Calculate the greatest common divisor of x and 312.
78
Let s = 26 + 1010. Suppose 11*p + 354 = s. Suppose 2*z - p = 4*q, 0*z = z - 4*q - 29. Calculate the highest common factor of 264 and z.
33
Let c(f) = -7*f - 54. Let k be c(-10). Let g be -1*(-16 + 4)*k/3. What is the highest common divisor of g and 32?
32
Let y(t) = t**2 + 5*t + 4. Let z be y(-6). Let o = z + 25. Let a(g) = -52*g + 270. Let f be a(5). Calculate the greatest common divisor of o and f.
5
Let h be (-12 + 28)/(3/48). What is the highest common divisor of 1568 and h?
32
Suppose -k + 124 = -r, 78*k - 80*k = -5*r - 260. What is the highest common divisor of k and 1185?
15
Let u(n) = 16*n**3 + n - 1. Let l = 187 + -186. Let y be u(l). What is the highest common factor of y and 36?
4
Suppose 16*w = 26*w + 590. Let l = w + 80. Suppose 0 = -5*g + 2*g + 504. What is the greatest common factor of l and g?
21
Suppose 21*r - 670 = 800. Suppose 0 = 6*x - 2*x. Suppose 0 = -y - 5*d + 2*d + 184, 3*d - 9 = x. Calculate the greatest common factor of r and y.
35
Let a be 16 - (-1)/((-4)/(-16)). Let i = -353 + 106. Let x = i + 407. What is the greatest common divisor of a and x?
20
Suppose 4*z - 1070 = -5*o, -4*z + 7*z - 5*o - 820 = 0. Let g = -228 + z. Let x = 5 - -1. What is the greatest common divisor of x and g?
6
Let t be (-2)/9*450/(-600) - (